{"id":16,"date":"2022-08-12T15:16:27","date_gmt":"2022-08-12T13:16:27","guid":{"rendered":"https:\/\/sophrologie-besancon.fr\/?page_id=16"},"modified":"2022-08-22T23:45:37","modified_gmt":"2022-08-22T21:45:37","slug":"contact","status":"publish","type":"page","link":"https:\/\/sophrologie-besancon.fr\/?page_id=16","title":{"rendered":"Contact"},"content":{"rendered":"\n<p><strong>Install\u00e9e depuis 2012 dans un magnifique cabinet calme et arbor\u00e9 au centre ville de Besan\u00e7on, apr\u00e8s une reconversion r\u00e9ussie, j&rsquo;ai d\u00e9velopp\u00e9 ma pratique de sophrologue dans de nombreux champs d&rsquo;application.<\/strong><\/p>\n\n\n\n<p>Certifi\u00e9e RNCP et&nbsp;Dipl\u00f4m\u00e9e de l&rsquo;Academie de Sophrologie de Paris du Docteur Ch\u00e9n\u00e9 au titre de Sophrologue Expert en 2019.&nbsp;Dipl\u00f4m\u00e9e du Dipl\u00f4me Universitaire ( DU) de Sophrologie de l&rsquo;Universit\u00e9 de Lille 2 (droit et sant\u00e9) et de l&rsquo;\u00c9cole de Sophrologie Cayc\u00e9dienne de Dijon en 2012, j&rsquo;ai depuis plusieurs ann\u00e9es compl\u00e9t\u00e9 ma formation par des s\u00e9minaires sp\u00e9cifiques autour des enfants et des addictions.&nbsp;<\/p>\n\n\n\n<p>Sophrologue b\u00e9n\u00e9vole aupr\u00e8s de personnes en fin de vie pendant plus de 4 ans, j&rsquo;ai \u00e9galement d\u00e9velopp\u00e9 un travail sp\u00e9cifique autour de la gestion de la douleur, de l&rsquo;anxi\u00e9t\u00e9, de la fin de vie et du deuil.&nbsp;<\/p>\n\n\n\n<p>Depuis 2021, je suis sophrologue b\u00e9n\u00e9vole aupr\u00e8s de personnes r\u00e9fugi\u00e9es, j&rsquo;ai \u00e9galement d\u00e9velopp\u00e9 ici un travail de communication et de confiance pour permettre \u00e0 ces personnes d&rsquo;utiliser la m\u00e9thode.<\/p>\n\n\n\n<p>En 2019, j&rsquo;ai d\u00e9cid\u00e9 de transmettre et de former au m\u00e9tier de sophrologue des personnes en reconversion professionnelle, en compl\u00e9mentarit\u00e9 de leur m\u00e9tier ou toutes personnes d\u00e9sireuses d&rsquo;\u00e9largir ses connaissances par un travail personnel.<\/p>\n\n\n\n<p>Je serai heureuse de vous accueillir au 21 quai de Strasbourg, sur rendez-vous, du lundi au vendredi \u00e0 partir de 8h30.&nbsp;<\/p>\n","protected":false},"excerpt":{"rendered":"<p>Install\u00e9e depuis 2012 dans un magnifique cabinet calme et arbor\u00e9 au centre ville de Besan\u00e7on, apr\u00e8s une reconversion r\u00e9ussie, j&rsquo;ai d\u00e9velopp\u00e9 ma pratique de sophrologue dans de nombreux champs d&rsquo;application. Certifi\u00e9e RNCP et&nbsp;Dipl\u00f4m\u00e9e de l&rsquo;Academie de Sophrologie de Paris du Docteur Ch\u00e9n\u00e9 au titre de Sophrologue Expert en 2019.&nbsp;Dipl\u00f4m\u00e9e du Dipl\u00f4me Universitaire ( DU) de &hellip; <\/p>\n<p class=\"link-more\"><a href=\"https:\/\/sophrologie-besancon.fr\/?page_id=16\" class=\"more-link\">Continuer la lecture<span class=\"screen-reader-text\"> de &laquo;&nbsp;Contact&nbsp;&raquo;<\/span><\/a><\/p>\n","protected":false},"author":1,"featured_media":154,"parent":0,"menu_order":0,"comment_status":"closed","ping_status":"closed","template":"","meta":{"footnotes":""},"class_list":["post-16","page","type-page","status-publish","has-post-thumbnail","hentry"],"_links":{"self":[{"href":"https:\/\/sophrologie-besancon.fr\/index.php?rest_route=\/wp\/v2\/pages\/16"}],"collection":[{"href":"https:\/\/sophrologie-besancon.fr\/index.php?rest_route=\/wp\/v2\/pages"}],"about":[{"href":"https:\/\/sophrologie-besancon.fr\/index.php?rest_route=\/wp\/v2\/types\/page"}],"author":[{"embeddable":true,"href":"https:\/\/sophrologie-besancon.fr\/index.php?rest_route=\/wp\/v2\/users\/1"}],"replies":[{"embeddable":true,"href":"https:\/\/sophrologie-besancon.fr\/index.php?rest_route=%2Fwp%2Fv2%2Fcomments&post=16"}],"version-history":[{"count":5,"href":"https:\/\/sophrologie-besancon.fr\/index.php?rest_route=\/wp\/v2\/pages\/16\/revisions"}],"predecessor-version":[{"id":182,"href":"https:\/\/sophrologie-besancon.fr\/index.php?rest_route=\/wp\/v2\/pages\/16\/revisions\/182"}],"wp:featuredmedia":[{"embeddable":true,"href":"https:\/\/sophrologie-besancon.fr\/index.php?rest_route=\/wp\/v2\/media\/154"}],"wp:attachment":[{"href":"https:\/\/sophrologie-besancon.fr\/index.php?rest_route=%2Fwp%2Fv2%2Fmedia&parent=16"}],"curies":[{"name":"wp","href":"https:\/\/api.w.org\/{rel}","templated":true}]}}

<p><strong>Installée depuis 2012 dans un magnifique cabinet calme et arboré au centre ville de Besançon, après une reconversion réussie, j&rsquo;ai développé ma pratique de sophrologue dans de nombreux champs d&rsquo;application.</strong></p>



<p>Certifiée RNCP et&nbsp;Diplômée de l&rsquo;Academie de Sophrologie de Paris du Docteur Chéné au titre de Sophrologue Expert en 2019.&nbsp;Diplômée du Diplôme Universitaire ( DU) de Sophrologie de l&rsquo;Université de Lille 2 (droit et santé) et de l&rsquo;École de Sophrologie Caycédienne de Dijon en 2012, j&rsquo;ai depuis plusieurs années complété ma formation par des séminaires spécifiques autour des enfants et des addictions.&nbsp;</p>



<p>Sophrologue bénévole auprès de personnes en fin de vie pendant plus de 4 ans, j&rsquo;ai également développé un travail spécifique autour de la gestion de la douleur, de l&rsquo;anxiété, de la fin de vie et du deuil.&nbsp;</p>



<p>Depuis 2021, je suis sophrologue bénévole auprès de personnes réfugiées, j&rsquo;ai également développé ici un travail de communication et de confiance pour permettre à ces personnes d&rsquo;utiliser la méthode.</p>



<p>En 2019, j&rsquo;ai décidé de transmettre et de former au métier de sophrologue des personnes en reconversion professionnelle, en complémentarité de leur métier ou toutes personnes désireuses d&rsquo;élargir ses connaissances par un travail personnel.</p>



<p>Je serai heureuse de vous accueillir au 21 quai de Strasbourg, sur rendez-vous, du lundi au vendredi à partir de 8h30.&nbsp;</p>

<p>Installée depuis 2012 dans un magnifique cabinet calme et arboré au centre ville de Besançon, après une reconversion réussie, j&rsquo;ai développé ma pratique de sophrologue dans de nombreux champs d&rsquo;application. Certifiée RNCP et&nbsp;Diplômée de l&rsquo;Academie de Sophrologie de Paris du Docteur Chéné au titre de Sophrologue Expert en 2019.&nbsp;Diplômée du Diplôme Universitaire ( DU) de &hellip; </p>
<p class="link-more"><a href="https://sophrologie-besancon.fr/?page_id=16" class="more-link">Continuer la lecture<span class="screen-reader-text"> de &laquo;&nbsp;Contact&nbsp;&raquo;</span></a></p>
